{"id":2,"date":"2025-06-17T22:50:36","date_gmt":"2025-06-17T20:50:36","guid":{"rendered":"http:\/\/extermination-nuisibles-85.com\/?page_id=2"},"modified":"2026-02-23T11:14:47","modified_gmt":"2026-02-23T10:14:47","slug":"page-d-exemple","status":"publish","type":"page","link":"https:\/\/extermination-nuisibles-85.com\/","title":{"rendered":"Expert Nuisibles de vend\u00e9e : Rats, Souris, Frelons, Punaises, Cafards"},"content":{"rendered":"\n<h2 class=\"wp-block-heading alignfull has-text-align-center has-foreground-color has-cyan-bluish-gray-background-color has-text-color has-background has-link-color has-large-font-size wp-elements-09778712cbbde8d6a78bad746db744f9\"><strong>Destruction des nuisibles autour de GIVRAND<\/strong><\/h2>\n\n\n\n<h2 class=\"wp-block-heading alignfull has-text-align-center has-vivid-green-cyan-background-color has-background has-large-font-size\"><strong>Particuliers et Professionnels<\/strong><\/h2>\n\n\n\n<h2 class=\"wp-block-heading alignfull has-text-align-center has-foreground-color has-light-green-cyan-background-color has-text-color has-background has-link-color has-medium-font-size wp-elements-993d693aa21ff4ba9af31eff78db450a\">Intervention rapide et discr\u00e8te<\/h2>\n\n\n\n<h5 class=\"wp-block-heading has-text-align-center has-small-font-size\"><strong><a href=\"https:\/\/extermination-nuisibles-85.com\/index.php\/deratisation-a-saint-gilles-croix-de-vie-expertise-et-normes-haccp-pour-les-professionnels\/\" title=\"D\u00e9ratisation pour restaurants et industries agroalimentaires. Solutions sans AVK certifi\u00e9es HACCP.\">D\u00e9ratisation pour restaurants et industries agroalimentaires. Solutions sans AVK certifi\u00e9es HACCP.<\/a><\/strong><\/h5>\n\n\n\n<h5 class=\"wp-block-heading has-text-align-center has-small-font-size\"><a href=\"https:\/\/extermination-nuisibles-85.com\/index.php\/lutte-anti-nuisibles-eco-responsable\/\" title=\"lutte-anti-nuisibles \u00e9co-responsable\"><\/a><strong><a href=\"https:\/\/extermination-nuisibles-85.com\/index.php\/lutte-anti-nuisibles-eco-responsable\/\" title=\"D\u00e9ratisation pour restaurants et industries agroalimentaires. Solutions sans AVK certifi\u00e9es HACCP.\">Lutte Anti-Nuisibles \u00e9co-responsable.<\/a><\/strong><\/h5>\n\n\n\n<h5 class=\"wp-block-heading has-text-align-center has-small-font-size\"><strong><a href=\"https:\/\/extermination-nuisibles-85.com\/index.php\/destruction-de-nid-de-frelons-asiatiques\/\" title=\"\">Destruction des nids de frelons asiatiques<\/a><\/strong><\/h5>\n\n\n\n<hr class=\"wp-block-separator has-alpha-channel-opacity\"\/>\n\n\n\n<hr class=\"wp-block-separator has-alpha-channel-opacity\"\/>\n\n\n\n<div class=\"wp-block-columns is-layout-flex wp-container-core-columns-is-layout-28f84493 wp-block-columns-is-layout-flex\" style=\"border-style:none;border-width:0px;border-radius:66px\">\n<div class=\"wp-block-column is-layout-flow wp-container-core-column-is-layout-e5eff99e wp-block-column-is-layout-flow\" style=\"padding-right:var(--wp--preset--spacing--50);padding-left:var(--wp--preset--spacing--50)\">\n<figure class=\"wp-block-image aligncenter size-large is-style-rounded\"><img loading=\"lazy\" decoding=\"async\" width=\"1024\" height=\"683\" src=\"https:\/\/extermination-nuisibles-85.com\/wp-content\/uploads\/2025\/10\/rats-dans-votre-jardin-les-6-astuces-les-plus-efficaces-pour-vous-en-debarrasser-une-bonne-fois-pour-toutes-1024x683.jpg\" alt=\"Un rat dans le jardin\" class=\"wp-image-92\" style=\"aspect-ratio:4\/3;object-fit:cover\" srcset=\"https:\/\/extermination-nuisibles-85.com\/wp-content\/uploads\/2025\/10\/rats-dans-votre-jardin-les-6-astuces-les-plus-efficaces-pour-vous-en-debarrasser-une-bonne-fois-pour-toutes-1024x683.jpg 1024w, https:\/\/extermination-nuisibles-85.com\/wp-content\/uploads\/2025\/10\/rats-dans-votre-jardin-les-6-astuces-les-plus-efficaces-pour-vous-en-debarrasser-une-bonne-fois-pour-toutes-300x200.jpg 300w, https:\/\/extermination-nuisibles-85.com\/wp-content\/uploads\/2025\/10\/rats-dans-votre-jardin-les-6-astuces-les-plus-efficaces-pour-vous-en-debarrasser-une-bonne-fois-pour-toutes-768x512.jpg 768w, https:\/\/extermination-nuisibles-85.com\/wp-content\/uploads\/2025\/10\/rats-dans-votre-jardin-les-6-astuces-les-plus-efficaces-pour-vous-en-debarrasser-une-bonne-fois-pour-toutes.jpg 1200w\" sizes=\"auto, (max-width: 1024px) 100vw, 1024px\" \/><\/figure>\n\n\n\n<p class=\"has-text-align-center has-foreground-color has-text-color has-link-color has-small-font-size wp-elements-ee80449ab168bb59a1c638da019d9ad2\">Les rongeurs sont de puissants vecteurs de maladies pour l\u2019homme et les animaux de compagnie, et ils sont \u00e9galement porteurs de parasites. De plus, ils souillent rapidement toutes les r\u00e9serves alimentaires. Leur besoin imp\u00e9ratif de ronger (pour limiter la croissance continue de leurs dents) les pousse \u00e0 s&rsquo;attaquer \u00e0 tout type de mat\u00e9riau. Ainsi, ils peuvent endommager les tuyaux, la mousse d\u2019isolation, le papier, le cuir, le bois, le b\u00e9ton, et surtout les c\u00e2bles \u00e9lectriques. Ces c\u00e2bles rong\u00e9s sont une cause majeure de courts-circuits, augmentant significativement les risques d\u2019incendies.<\/p>\n<\/div>\n\n\n\n<div class=\"wp-block-column is-layout-flow wp-block-column-is-layout-flow\">\n<figure class=\"wp-block-image aligncenter size-full\"><img loading=\"lazy\" decoding=\"async\" width=\"637\" height=\"299\" src=\"https:\/\/extermination-nuisibles-85.com\/wp-content\/uploads\/2025\/10\/FRelons-abeille-guepe-legende.png\" alt=\"un tableau pour reconnaitre une abeille, un frelon ou une gu\u00eape\" class=\"wp-image-93\" style=\"aspect-ratio:1;object-fit:contain\" srcset=\"https:\/\/extermination-nuisibles-85.com\/wp-content\/uploads\/2025\/10\/FRelons-abeille-guepe-legende.png 637w, https:\/\/extermination-nuisibles-85.com\/wp-content\/uploads\/2025\/10\/FRelons-abeille-guepe-legende-300x141.png 300w\" sizes=\"auto, (max-width: 637px) 100vw, 637px\" \/><\/figure>\n\n\n\n<figure class=\"wp-block-image aligncenter size-full is-style-default\"><img loading=\"lazy\" decoding=\"async\" width=\"395\" height=\"260\" src=\"https:\/\/extermination-nuisibles-85.com\/wp-content\/uploads\/2025\/10\/fa5cf645a532d010446b89ae1dfeff20-1.jpg\" alt=\"Un tableau pour reconnaitre un rat ou une souris ou un mulot\" class=\"wp-image-95\" style=\"aspect-ratio:4\/3;object-fit:contain\" srcset=\"https:\/\/extermination-nuisibles-85.com\/wp-content\/uploads\/2025\/10\/fa5cf645a532d010446b89ae1dfeff20-1.jpg 395w, https:\/\/extermination-nuisibles-85.com\/wp-content\/uploads\/2025\/10\/fa5cf645a532d010446b89ae1dfeff20-1-300x197.jpg 300w\" sizes=\"auto, (max-width: 395px) 100vw, 395px\" \/><\/figure>\n\n\n\n<figure class=\"wp-block-image size-large\"><img loading=\"lazy\" decoding=\"async\" width=\"1024\" height=\"683\" src=\"https:\/\/extermination-nuisibles-85.com\/wp-content\/uploads\/2025\/10\/52046-1024x683.jpg\" alt=\"une blatte\" class=\"wp-image-136\" style=\"aspect-ratio:4\/3;object-fit:contain\" srcset=\"https:\/\/extermination-nuisibles-85.com\/wp-content\/uploads\/2025\/10\/52046-1024x683.jpg 1024w, https:\/\/extermination-nuisibles-85.com\/wp-content\/uploads\/2025\/10\/52046-300x200.jpg 300w, https:\/\/extermination-nuisibles-85.com\/wp-content\/uploads\/2025\/10\/52046-768x512.jpg 768w, https:\/\/extermination-nuisibles-85.com\/wp-content\/uploads\/2025\/10\/52046.jpg 1254w\" sizes=\"auto, (max-width: 1024px) 100vw, 1024px\" \/><\/figure>\n\n\n\n<figure class=\"wp-block-image size-full\"><img loading=\"lazy\" decoding=\"async\" width=\"900\" height=\"599\" src=\"https:\/\/extermination-nuisibles-85.com\/wp-content\/uploads\/2025\/10\/DSC08466.webp\" alt=\"une fourmi\" class=\"wp-image-138\" style=\"aspect-ratio:4\/3;object-fit:contain\" srcset=\"https:\/\/extermination-nuisibles-85.com\/wp-content\/uploads\/2025\/10\/DSC08466.webp 900w, https:\/\/extermination-nuisibles-85.com\/wp-content\/uploads\/2025\/10\/DSC08466-300x200.webp 300w, https:\/\/extermination-nuisibles-85.com\/wp-content\/uploads\/2025\/10\/DSC08466-768x511.webp 768w\" sizes=\"auto, (max-width: 900px) 100vw, 900px\" \/><\/figure>\n<\/div>\n\n\n\n<div class=\"wp-block-column is-layout-flow wp-block-column-is-layout-flow\">\n<figure class=\"wp-block-image aligncenter size-full is-style-rounded\"><img loading=\"lazy\" decoding=\"async\" width=\"1024\" height=\"768\" src=\"https:\/\/extermination-nuisibles-85.com\/wp-content\/uploads\/2025\/01\/cible-rat-souris-frelons-extermination.png\" alt=\"un frelon image IA\" class=\"wp-image-18\" style=\"aspect-ratio:4\/3;object-fit:cover\" srcset=\"https:\/\/extermination-nuisibles-85.com\/wp-content\/uploads\/2025\/01\/cible-rat-souris-frelons-extermination.png 1024w, https:\/\/extermination-nuisibles-85.com\/wp-content\/uploads\/2025\/01\/cible-rat-souris-frelons-extermination-300x225.png 300w, https:\/\/extermination-nuisibles-85.com\/wp-content\/uploads\/2025\/01\/cible-rat-souris-frelons-extermination-768x576.png 768w\" sizes=\"auto, (max-width: 1024px) 100vw, 1024px\" \/><\/figure>\n\n\n\n<p class=\"has-text-align-center has-foreground-color has-text-color has-link-color wp-elements-4b46b348521d584d0b1721624ad8a2c5\">Les hym\u00e9nopt\u00e8res poss\u00e8dent un dard pour se d\u00e9fendre. Cependant, les piq\u00fbres d\u2019abeilles sont uniques car elles perdent leur dard, tandis que les gu\u00eapes et les frelons peuvent piquer plusieurs fois. Leurs piq\u00fbres sont dangereuses pour l\u2019homme et les animaux domestiques car les r\u00e9actions peuvent varier d\u2019une simple douleur locale \u00e0 des allergies s\u00e9v\u00e8res.<\/p>\n<\/div>\n<\/div>\n\n\n\n<h2 class=\"wp-block-heading alignfull has-text-align-center has-cyan-bluish-gray-background-color has-background has-large-font-size\"><strong>Prot\u00e9gez votre maison et votre entreprise avec notre expertise en lutte anti-nuisibles !<\/strong><\/h2>\n\n\n\n<p class=\"has-text-align-left has-foreground-color has-text-color has-link-color wp-elements-cf3d96238ef8a0c84c352f6425645908\">Vous faites face \u00e0 une invasion de rongeurs, insectes ou autres nuisibles ? Notre entreprise sp\u00e9cialis\u00e9e vous propose des solutions efficaces, durables et respectueuses de l\u2019environnement. Que ce soit pour une intervention rapide ou un programme de pr\u00e9vention, nous adaptons nos m\u00e9thodes \u00e0 vos besoins pour garantir un espace sain et s\u00e9curis\u00e9.<\/p>\n\n\n\n<p class=\"has-foreground-color has-text-color has-link-color wp-elements-8f4295605f91f398bce7d10c1a986071\">\ud83d\udd39 Intervention rapide et discr\u00e8te<br>\ud83d\udd39 Traitements adapt\u00e9s et s\u00e9curis\u00e9s<br>\ud83d\udd39 Solutions pr\u00e9ventives pour \u00e9viter toute r\u00e9cidive<br>\ud83d\udd39 Engagement \u00e9cologique et respect des normes en vigueur<\/p>\n\n\n\n<p class=\"has-foreground-color has-text-color has-link-color wp-elements-afb559209c19e37a5de54fc19066c5ed\">Ne laissez pas les nuisibles prendre le contr\u00f4le ! Contactez-nous d\u00e8s aujourd\u2019hui pour un diagnostic.<\/p>\n\n\n\n<h2 class=\"wp-block-heading alignfull has-text-align-center has-cyan-bluish-gray-background-color has-background has-large-font-size\"><strong>Le Tarif<\/strong><\/h2>\n\n\n\n<p class=\"has-text-align-center has-luminous-vivid-amber-color has-text-color has-link-color wp-elements-b70044a934b93047477632c3296bc84a\">A partir de 80\u20ac \/ Intervention<\/p>\n\n\n\n<p class=\"has-text-align-center has-luminous-vivid-amber-color has-text-color has-link-color wp-elements-089eb17776ecebb9ed2f375eb7f78aae\">Ce tarif comprend :<\/p>\n\n\n\n<p class=\"has-text-align-center has-luminous-vivid-amber-color has-text-color has-link-color wp-elements-85e8fed658f40c174abe0cafa6b4682c\">Le d\u00e9placement<\/p>\n\n\n\n<p class=\"has-text-align-center has-luminous-vivid-amber-color has-text-color has-link-color wp-elements-ffb0db214c62829b672e62bc2f1503fa\">Le diagnostic<\/p>\n\n\n\n<p class=\"has-text-align-center has-luminous-vivid-amber-color has-text-color has-link-color wp-elements-574dfecbde8a19a89e69c13633f4b20b\">La mise en place du traitement (si possible)<\/p>\n\n\n\n<p class=\"has-text-align-center has-luminous-vivid-amber-color has-text-color has-link-color wp-elements-c0ac7fc06b48382e2173a76d6adcebdc\">Le prix est variable en fonction de la superficie<\/p>\n\n\n\n<p class=\"has-text-align-center has-luminous-vivid-amber-color has-text-color has-link-color wp-elements-87b8bf48ae1003bd49ad974e75346878\">Le niveau d&rsquo;infestation <\/p>\n\n\n\n<p class=\"has-text-align-center has-luminous-vivid-amber-color has-text-color has-link-color wp-elements-48ce930a45c46b2bcd7e1482c04999eb\">Le nombre d&rsquo;intervention<\/p>\n\n\n\n<h2 class=\"wp-block-heading alignfull has-text-align-center has-cyan-bluish-gray-background-color has-background has-large-font-size\"><strong>Obtenez une estimation gratuite :<\/strong><\/h2>\n\n\n<style id=\"wpforms-css-vars-99-block-3b08ee73-11a2-44a4-ab42-1a9a13bb8fb0\">\n\t\t\t\t#wpforms-99.wpforms-block-3b08ee73-11a2-44a4-ab42-1a9a13bb8fb0 {\n\t\t\t\t--wpforms-field-size-input-height: 43px;\n--wpforms-field-size-input-spacing: 15px;\n--wpforms-field-size-font-size: 16px;\n--wpforms-field-size-line-height: 19px;\n--wpforms-field-size-padding-h: 14px;\n--wpforms-field-size-checkbox-size: 16px;\n--wpforms-field-size-sublabel-spacing: 5px;\n--wpforms-field-size-icon-size: 1;\n--wpforms-label-size-font-size: 16px;\n--wpforms-label-size-line-height: 19px;\n--wpforms-label-size-sublabel-font-size: 14px;\n--wpforms-label-size-sublabel-line-height: 17px;\n--wpforms-button-size-font-size: 17px;\n--wpforms-button-size-height: 41px;\n--wpforms-button-size-padding-h: 15px;\n--wpforms-button-size-margin-top: 10px;\n\t\t\t}\n\t\t\t<\/style><div class=\"wpforms-container wpforms-container-full wpforms-block wpforms-block-3b08ee73-11a2-44a4-ab42-1a9a13bb8fb0 wpforms-render-modern\" id=\"wpforms-99\"><form id=\"wpforms-form-99\" class=\"wpforms-validate wpforms-form wpforms-ajax-form\" data-formid=\"99\" method=\"post\" enctype=\"multipart\/form-data\" action=\"\/index.php\/wp-json\/wp\/v2\/pages\/2\" data-token=\"8844705ad49f1f51e1feef3bf806a894\" data-token-time=\"1778697163\"><noscript class=\"wpforms-error-noscript\">Veuillez activer JavaScript dans votre navigateur pour remplir ce formulaire.<\/noscript><div id=\"wpforms-error-noscript\" style=\"display: none;\">Veuillez activer JavaScript dans votre navigateur pour remplir ce formulaire.<\/div><div class=\"wpforms-field-container\"><div id=\"wpforms-99-field_1-container\" class=\"wpforms-field wpforms-field-name\" data-field-id=\"1\"><fieldset><legend class=\"wpforms-field-label\">Nom <span class=\"wpforms-required-label\" aria-hidden=\"true\">*<\/span><\/legend><div class=\"wpforms-field-row wpforms-field-medium\"><div class=\"wpforms-field-row-block wpforms-first wpforms-one-half\"><input type=\"text\" id=\"wpforms-99-field_1\" class=\"wpforms-field-name-first wpforms-field-required\" name=\"wpforms[fields][1][first]\" aria-errormessage=\"wpforms-99-field_1-error\" required><label for=\"wpforms-99-field_1\" class=\"wpforms-field-sublabel after\">Pr\u00e9nom<\/label><\/div><div class=\"wpforms-field-row-block wpforms-one-half\"><input type=\"text\" id=\"wpforms-99-field_1-last\" class=\"wpforms-field-name-last wpforms-field-required\" name=\"wpforms[fields][1][last]\" aria-errormessage=\"wpforms-99-field_1-last-error\" required><label for=\"wpforms-99-field_1-last\" class=\"wpforms-field-sublabel after\">Nom<\/label><\/div><\/div><\/fieldset><\/div><div id=\"wpforms-99-field_10-container\" class=\"wpforms-field wpforms-field-number\" data-field-id=\"10\"><label class=\"wpforms-field-label\" for=\"wpforms-99-field_10\">Num\u00e9ro de t\u00e9l\u00e9phone <span class=\"wpforms-required-label\" aria-hidden=\"true\">*<\/span><\/label><input type=\"number\" id=\"wpforms-99-field_10\" class=\"wpforms-field-medium wpforms-field-required\" name=\"wpforms[fields][10]\" step=\"any\" aria-errormessage=\"wpforms-99-field_10-error\" required><\/div><div id=\"wpforms-99-field_8-container\" class=\"wpforms-field wpforms-field-email\" data-field-id=\"8\"><fieldset><legend class=\"wpforms-field-label\">Email <span class=\"wpforms-required-label\" aria-hidden=\"true\">*<\/span><\/legend><div class=\"wpforms-field-row wpforms-field-medium\"><div class=\"wpforms-field-row-block wpforms-one-half wpforms-first\"><input type=\"email\" id=\"wpforms-99-field_8\" class=\"wpforms-field-required wpforms-field-email-primary\" name=\"wpforms[fields][8][primary]\" spellcheck=\"false\" aria-errormessage=\"wpforms-99-field_8-error\" required><label for=\"wpforms-99-field_8\" class=\"wpforms-field-sublabel after\">E-mail<\/label><\/div><div class=\"wpforms-field-row-block wpforms-one-half\"><input type=\"email\" id=\"wpforms-99-field_8-secondary\" class=\"wpforms-field-email-secondary wpforms-field-required\" data-rule-confirm=\"#wpforms-99-field_8\" name=\"wpforms[fields][8][secondary]\" spellcheck=\"false\" aria-errormessage=\"wpforms-99-field_8-secondary-error\" required><label for=\"wpforms-99-field_8-secondary\" class=\"wpforms-field-sublabel after\">Confirmez l\u2019e-mail<\/label><\/div><\/div><\/fieldset><\/div>\t\t<div id=\"wpforms-99-field_2-container\"\n\t\t\tclass=\"wpforms-field wpforms-field-text\"\n\t\t\tdata-field-type=\"text\"\n\t\t\tdata-field-id=\"2\"\n\t\t\t>\n\t\t\t<label class=\"wpforms-field-label\" for=\"wpforms-99-field_2\" >Num\u00e9ro Nom Email<\/label>\n\t\t\t<input type=\"text\" id=\"wpforms-99-field_2\" class=\"wpforms-field-medium\" name=\"wpforms[fields][2]\" >\n\t\t<\/div>\n\t\t<div id=\"wpforms-99-field_9-container\" class=\"wpforms-field wpforms-field-checkbox\" data-field-id=\"9\"><fieldset><legend class=\"wpforms-field-label\">Nuisibles <span class=\"wpforms-required-label\" aria-hidden=\"true\">*<\/span><\/legend><ul id=\"wpforms-99-field_9\" class=\"wpforms-field-required\"><li class=\"choice-1 depth-1\"><input type=\"checkbox\" id=\"wpforms-99-field_9_1\" name=\"wpforms[fields][9][]\" value=\"Rats\" aria-errormessage=\"wpforms-99-field_9_1-error\" required ><label class=\"wpforms-field-label-inline\" for=\"wpforms-99-field_9_1\">Rats<\/label><\/li><li class=\"choice-2 depth-1\"><input type=\"checkbox\" id=\"wpforms-99-field_9_2\" name=\"wpforms[fields][9][]\" value=\"Souris\" aria-errormessage=\"wpforms-99-field_9_2-error\" required ><label class=\"wpforms-field-label-inline\" for=\"wpforms-99-field_9_2\">Souris<\/label><\/li><li class=\"choice-3 depth-1\"><input type=\"checkbox\" id=\"wpforms-99-field_9_3\" name=\"wpforms[fields][9][]\" value=\"Frelons\" aria-errormessage=\"wpforms-99-field_9_3-error\" required ><label class=\"wpforms-field-label-inline\" for=\"wpforms-99-field_9_3\">Frelons<\/label><\/li><li class=\"choice-4 depth-1\"><input type=\"checkbox\" id=\"wpforms-99-field_9_4\" name=\"wpforms[fields][9][]\" value=\"Autres\" aria-errormessage=\"wpforms-99-field_9_4-error\" required ><label class=\"wpforms-field-label-inline\" for=\"wpforms-99-field_9_4\">Autres<\/label><\/li><\/ul><\/fieldset><\/div><div id=\"wpforms-99-field_7-container\" class=\"wpforms-field wpforms-field-textarea\" data-field-id=\"7\"><label class=\"wpforms-field-label\" for=\"wpforms-99-field_7\">Message <span class=\"wpforms-required-label\" aria-hidden=\"true\">*<\/span><\/label><textarea id=\"wpforms-99-field_7\" class=\"wpforms-field-medium wpforms-field-required\" name=\"wpforms[fields][7]\" aria-errormessage=\"wpforms-99-field_7-error\" required><\/textarea><\/div><script>\n\t\t\t\t( function() {\n\t\t\t\t\tconst style = document.createElement( 'style' );\n\t\t\t\t\tstyle.appendChild( document.createTextNode( '#wpforms-99-field_2-container { position: absolute !important; overflow: hidden !important; display: inline !important; height: 1px !important; width: 1px !important; z-index: -1000 !important; padding: 0 !important; } #wpforms-99-field_2-container input { visibility: hidden; } #wpforms-conversational-form-page #wpforms-99-field_2-container label { counter-increment: none; }' ) );\n\t\t\t\t\tdocument.head.appendChild( style );\n\t\t\t\t\tdocument.currentScript?.remove();\n\t\t\t\t} )();\n\t\t\t<\/script><\/div><!-- .wpforms-field-container --><div class=\"wpforms-submit-container\" ><input type=\"hidden\" name=\"wpforms[id]\" value=\"99\"><input type=\"hidden\" name=\"page_title\" value=\"\"><input type=\"hidden\" name=\"page_url\" value=\"https:\/\/extermination-nuisibles-85.com\/index.php\/wp-json\/wp\/v2\/pages\/2\"><input type=\"hidden\" name=\"url_referer\" value=\"\"><button type=\"submit\" name=\"wpforms[submit]\" id=\"wpforms-submit-99\" class=\"wpforms-submit\" data-alt-text=\"Envoi...\" data-submit-text=\"Envoyer\" aria-live=\"assertive\" value=\"wpforms-submit\">Envoyer<\/button><img loading=\"lazy\" decoding=\"async\" src=\"https:\/\/extermination-nuisibles-85.com\/wp-content\/plugins\/wpforms-lite\/assets\/images\/submit-spin.svg\" class=\"wpforms-submit-spinner\" style=\"display: none;\" width=\"26\" height=\"26\" alt=\"Chargement en cours\"><\/div><\/form><\/div>  <!-- .wpforms-container -->\n\n\n<p><\/p>\n","protected":false},"excerpt":{"rendered":"<p>Destruction des nuisibles autour de GIVRAND Particuliers et Professionnels Intervention rapide et discr\u00e8te D\u00e9ratisation pour restaurants et industries agroalimentaires. Solutions sans AVK certifi\u00e9es HACCP. Lutte Anti-Nuisibles \u00e9co-responsable. Destruction des nids de frelons asiatiques Les rongeurs sont de puissants vecteurs de maladies pour l\u2019homme et les animaux de compagnie, et ils sont \u00e9galement porteurs de parasites. [&hellip;]<\/p>\n","protected":false},"author":1,"featured_media":0,"parent":0,"menu_order":0,"comment_status":"closed","ping_status":"open","template":"","meta":{"om_disable_all_campaigns":false,"_monsterinsights_skip_tracking":false,"_monsterinsights_sitenote_active":false,"_monsterinsights_sitenote_note":"","_monsterinsights_sitenote_category":0,"footnotes":""},"class_list":["post-2","page","type-page","status-publish","hentry"],"aioseo_notices":[],"_links":{"self":[{"href":"https:\/\/extermination-nuisibles-85.com\/index.php\/wp-json\/wp\/v2\/pages\/2","targetHints":{"allow":["GET"]}}],"collection":[{"href":"https:\/\/extermination-nuisibles-85.com\/index.php\/wp-json\/wp\/v2\/pages"}],"about":[{"href":"https:\/\/extermination-nuisibles-85.com\/index.php\/wp-json\/wp\/v2\/types\/page"}],"author":[{"embeddable":true,"href":"https:\/\/extermination-nuisibles-85.com\/index.php\/wp-json\/wp\/v2\/users\/1"}],"replies":[{"embeddable":true,"href":"https:\/\/extermination-nuisibles-85.com\/index.php\/wp-json\/wp\/v2\/comments?post=2"}],"version-history":[{"count":42,"href":"https:\/\/extermination-nuisibles-85.com\/index.php\/wp-json\/wp\/v2\/pages\/2\/revisions"}],"predecessor-version":[{"id":246,"href":"https:\/\/extermination-nuisibles-85.com\/index.php\/wp-json\/wp\/v2\/pages\/2\/revisions\/246"}],"wp:attachment":[{"href":"https:\/\/extermination-nuisibles-85.com\/index.php\/wp-json\/wp\/v2\/media?parent=2"}],"curies":[{"name":"wp","href":"https:\/\/api.w.org\/{rel}","templated":true}]}}